are the prime factors of d?
2741
Let r be ((-504)/(-54))/((-6)/(-9)). Let k be 6/(-4)*-1*4. Let d = r + k. What are the prime factors of d?
2, 5
Suppose 14*b - 68284 = -29*b. List the prime factors of b.
2, 397
Let f = -4776 - -7696. List the prime factors of f.
2, 5, 73
Let g(x) = 678*x - 7. List the prime factors of g(1).
11, 61
Let w(a) = a**2 + 8*a + 11. Let z be w(-7). Suppose 2 = 3*g - z. Suppose -g*t - 4*u = -7*t + 6, -10 = -4*t - 2*u. List the prime factors of t.
2
List the prime factors of 16/4 - (6 + -3 + -407).
2, 3, 17
Let g(w) = -w**2 + 11*w. Let a be g(11). Suppose -4*l + 3*l - 13 = a. List the prime factors of (7/(-7))/(1/l).
13
Let z(s) = 6*s**2 + 44*s - 34. What are the prime factors of z(-22)?
2, 3, 317
What are the prime factors of (-6432)/(4 - 132/24)?
2, 67
Let k(q) = -3*q - q**3 + 17 + 15*q**2 - 2*q**2 - 13*q + 4*q. List the prime factors of k(12).
17
Suppose 28 - 232 = -6*u. Suppose 0 = 2*n - u + 2. Suppose -n = -h - 4. What are the prime factors of h?
2, 3
Let a be -9 + 9 - (-2 - -1). Suppose z + 2 = -a. What are the prime factors of ((-171)/27)/(1/z)?
19
Suppose -5*d - 6*q + q + 10 = 0, -14 = -d + 5*q. Suppose 0 = d*y - 5*w - 199, y + y - w - 95 = 0. List the prime factors of y.
2, 23
Let f(b) = b + 18. Let g be f(-17). List the prime factors of (-8 - -191)/1 + -3*g.
2, 3, 5
Suppose -3*w - 13 - 2 = 3*r, -r + 4 = -2*w. Let q(h) = h**3 + 2*h**2 - 2. Let n be q(r). What are the prime factors of 14 - -4 - (-4 - n)?
2, 5
Let f(p) = 1069*p**2 - 4*p - 3. What are the prime factors of f(-1)?
2, 5, 107
Let v(d) = 21*d - 27. Let w be v(15). Suppose -w + 117 = -3*n. What are the prime factors of n?
3, 19
Let g = 14 - 10. Suppose g*c - 6 = -166. Let y = -22 - c. What are the prime factors of y?
2, 3
Let l = -2667 - -4549. What are the prime factors of l?
2, 941
Let m(y) = 183*y**2 + 81*y + 298. List the prime factors of m(-4).
2, 1451
Suppose 4*r - 313 + 137 = 0. Let b = 2 - -2. Suppose 4*h + 0*t - r = -5*t, 3*t + 12 = b*h. List the prime factors of h.
2, 3
Suppose -4*f + 1 = -15. Suppose -531 - 109 = -f*h. What are the prime factors of h?
2, 5
Let q = -33 - -32. Let w(v) = -2 - 40*v - 9*v - 1. List the prime factors of w(q).
2, 23
Suppose -3*j = -99 - 585. What are the prime factors of j?
2, 3, 19
Let a(m) = -4*m + 13. List the prime factors of a(-15).
73
Suppose -4*i + 792 = 4*q, -3*q + 410 = i - 174. List the prime factors of q.
193
Let d be (-4 - -4)*1 - 0. Suppose -7*u + 276 - 52 = d. List the prime factors of u.
2
Suppose -23*c = -41*c + 8640. What are the prime factors of c?
2, 3, 5
Suppose 900 = 7*z - 52. What are the prime factors of z?
2, 17
Suppose 0 = c - 4*c - l + 183, 5*c - 4*l - 288 = 0. Suppose -53 = -k + c. What are the prime factors of k?
113
Let v = -1039 + 3402. What are the prime factors of v?
17, 139
Suppose 6*l = 3*l + 8*l. Suppose l = -6*q - q + 595. List the prime factors of q.
5, 17
Suppose 0 = 3*i - 9 - 3. Suppose -2*y = 4*r - 0*y + 4, 2 = 5*r - y. Suppose p = i - r. What are the prime factors of p?
2
Let s be -4 + 2 + 2/2. Let q = s + -1. What are the prime factors of q/30*-6*50?
2, 5
Suppose 0*y = -2*y + 4*z - 8, -z + 4 = 0. Suppose y*m = -5*p + 298, -4*m + 150 = -2*m + 3*p. List the prime factors of m.
2, 3
Suppose 3*y + 573 = 3*l, l + 5*y - 197 = -0*l. What are the prime factors of (l/(-10))/(-3*5/50)?
2
Suppose -2*d + 28 = -c - 159, -6 = 2*c. Suppose 5*n = 9*n - d. What are the prime factors of n?
23
Suppose -5*o + 10 = t, 2*t - 2*o + 4 = -0*o. Suppose -f - 49 = d, t*d - 230 = 5*d + 2*f. Let u = 4 - d. List the prime factors of u.
2, 3
What are the prime factors of (-4 - 2025)/((-4 - 0) + 3)?
2029
Let t(u) be the first derivative of -u**3 - u**2/2 + 4*u - 8. Let v be t(-2). Let y = 48 - v. List the prime factors of y.
2, 3
Suppose 0 = 4*d + d + 245. List the prime factors of 2/7 + (-1701)/d.
5, 7
Let w = 131 + -117. Suppose 9 = -2*v + 31. Let n = w - v. What are the prime factors of n?
3
Suppose -9*i = -5*w - 7*i + 3785, -15 = -3*i. What are the prime factors of w?
3, 11, 23
Suppose -2*o = o - 4*z + 12, 5*z = 5*o + 20. What are the prime factors of 184 - (-12)/o - -4?
5, 37
Let s be 10*(1/(-6) + 16/24). Suppose 8*w = s*w + 228. List the prime factors of w.
2, 19
Let n(p) = -p**2 - 13*p - 7. Let q be n(-12). Suppose -5*v + 3*k + 155 = -k, q*k - 2 = -v. What are the prime factors of v?
3
Suppose q + 2*i - 7*i = -42, -5*q = -3*i + 210. What are the prime factors of 1/(-7) - 3030/q?
2, 3
Let m(p) = 4*p**2 - 4*p - 9. Suppose 8*o - 2*o - 30 = 0. What are the prime factors of m(o)?
71
Suppose -60*x + 65*x - n = 7545, -3*n = 3*x - 4527. What are the prime factors of x?
3, 503
Let i(a) = -a**3 + 7*a**2 - 8*a - 6. Let t be i(5). Suppose 7 = -m + 2, t*m + 516 = 4*d. What are the prime factors of d?
2, 31
Suppose 0 = p + r - 1626, 12 = p + 4*r - 1611. List the prime factors of p.
1627
Let z(d) = 23*d**2 + 9*d + 9. Suppose 4*f = 31 - 43. List the prime factors of z(f).
3, 7
Let u = 3681 - 2245. What are the prime factors of u?
2, 359
Let i(g) = -g**2 - g. Let f be i(0). Suppose 5*j + 40 = 5*r, f = -4*r + 2*j + 42 - 6. Let w = r + 16. List the prime factors of w.
2, 13
Let h(w) = w**3 + 20*w**2 - 28*w + 26. What are the prime factors of h(-21)?
173
Suppose -110 = 2*d + 3*c, -c + 0*c + 165 = -3*d. Let l = d + 87. List the prime factors of l.
2
Suppose -4*n = 2*f - 1824, 38*n - 39*n - 2 = 0. What are the prime factors of f?
2, 229
Let b(y) = -36*y + 7. List the prime factors of b(-11).
13, 31
Suppose -2*s = 2*l - 12, 3*l + 6 = 2*s + 2*l. Suppose -4*d + 158 = -2*u, 0 = -s*d + d - 5*u + 99. Let x = 57 - d. List the prime factors of x.
19
Suppose -178514 - 48827 = -43*z. What are the prime factors of z?
17, 311
Suppose -13*l = -21*l + 6544. What are the prime factors of l?
2, 409
Suppose -2*u = 2*t - 8, 2*u + 16 = 5*t - 3*t. What are the prime factors of 2 - (-177)/t*2?
61
Let d(j) = j**3 + 26*j**2 + 35*j - 7. List the prime factors of d(-23).
5, 31
Suppose -4*g = 8*g - 3672. Suppose 29*x + g = 31*x. List the prime factors of x.
3, 17
Suppose -4*a - 212 + 932 = 0. Suppose -l + a = 2*l - 3*q, 0 = l - 3*q - 68. What are the prime factors of l?
2, 7
Let q = 63 + -61. Suppose -q*r + 5*m = -128 - 52, 6 = 3*m. What are the prime factors of r?
5, 19
Let i be (-3)/(5 + 4) + 2/6. Suppose -l - l + 480 = i. What are the prime factors of l?
2, 3, 5
Let b = 1363 + -836. List the prime factors of b.
17, 31
What are the prime factors of -8 - -1 - (-1048 + (-13 - -8))?
2, 523
Let s(l) = -l + 11. Let o be s(6). Suppose 0 = -5*t - 2*b + 30 + 115, -3*b = -o*t + 145. What are the prime factors of t?
29
Let m = 10 + -5. Suppose -d + 3*u = -3*d + 625, m*d = -4*u + 1566. List the prime factors of d.
2, 157
Let h(s) = -2*s**3 - 11*s**2 - 2*s + 9. List the prime factors of h(-8).
3, 5, 23
Suppose -359 = -5*w - 2*t, 113 + 112 = 3*w - 2*t. Suppose 4*z - w - 43 = 0. List the prime factors of z.
29
Let w(z) = -4*z + 2. Suppose 0 = 36*x - 32*x + 28. List the prime factors of w(x).
2, 3, 5
Suppose 4 - 19 = 5*j. Let f be (-2 + -80)*(j + 2). List the prime factors of f*((-1)/2 - -1).
41
Let h(u) = -3*u**2 - 14*u + 8. Let p(o) = -2*o**2 - 9*o + 5. Let r(m) = 5*h(m) - 8*p(m). Let x be ((-33)/(-44))/(2/(-16)). List the prime factors of r(x).
2, 3
Let b = 60 + 7. List the prime factors of 2/3 - b/(-3).
23
Let f = 997 - 1927. Let c be -9*(0 + 1 + 0). List the prime factors of 2/c - f/54.
17
Let w = 404 + 126. Let s = w - 272. List the prime factors of s.
2, 3, 43
Suppose -3*m + 57 = -u - 12, 4*m = -2*u + 92. List the prime factors of (-4)/(-14) - m/7 - -73.
2, 5, 7
Let l(h) = 4*h + 3. Let b be l(2). Let i be (b - 9) + (1 - -1). Suppose i*v = 2*x - 24, x + 3*v - 20 = 7. List the prime factors of x.
2, 3
Let z(j) = -47*j + 69. List the prime factors of z(-11).
2, 293
Suppose -3*z + 6*z - 57 = 0. Let g = z - -8. List the prime factors of g.
3
Suppose -4*c = 2*n - 1072, -2*c + 186 + 374 = -5*n. Suppose -14*k = -9*k - c. What are the prime factors of k?
2, 3
Let g = 46 + -34. Suppose -4*b + 2 = b + 4*n, -5*b + 12 = -n. Suppose -4*w = -b*f + 6, -g = -0*f - 2*f - 2*w. List the prime factors of f.
5
Let y(p) = 5*p**2 + 4*p - 4. Suppose 5*q + x = -0*q - 35, -31 = q + 5*x. List the prime factors of y(q).
2, 19
Let i(d) = d - 6. Let v be i(6). Suppose v = -3*k 